(p) - 7*q(p). Calculate v(4).
39
Let d be 9/(-6)*(-28)/6. Let i be (-21)/(-49) - (-4)/d. Let c(t) = 5 - i - 3*t - 2 + 0. What is c(-2)?
8
Let a(o) = 67*o - 4*o**2 - 3 - 71*o - 2*o**3 + 3*o**3. Calculate a(-2).
-19
Let r(b) = 14*b - 62 + 14*b - 58*b + 6*b + 15*b. Calculate r(-7).
1
Suppose -4*j + p = -16 - 6, -4*j + 3*p + 26 = 0. Let q(b) = -b - 2. Let f(x) = x + 2. Let o(n) = 3*f(n) + 4*q(n). What is o(j)?
-7
Let r(c) = 9*c**2 - 6 - 2*c**2 + c**3 + 7*c + c**2 + 16 - 12. Determine r(-5).
38
Let i(q) = -4*q - 8. Let j(w) = 12*w + 23. Let l(a) = -8*i(a) - 3*j(a). Let r(o) = 3*o + 3. Let f(t) = -4*l(t) - 7*r(t). What is f(-3)?
14
Let q be (5 - -5)*(0 - (-2)/4). Let z(r) = -3*r. Determine z(q).
-15
Let v(p) = -10*p**3 + 14*p**2 - 25*p - 21. Let d = -10 - -21. Let r(q) = -5*q**2 + 7*q**2 - d*q**2 + 17*q + 7*q**3 + 14. Let o(b) = -7*r(b) - 5*v(b). Give o(6).
7
Let r = 21 - 11. Let l be ((-39)/65)/((-2)/r). Let a(i) = -l*i**3 - 4*i**3 + i**2 + 11 + i + 6*i**3 - 2*i**2. Determine a(0).
11
Let p(d) be the second derivative of d**5/20 + d**4/2 + d**3/6 + 3*d**2 - 58*d. Calculate p(-6).
0
Suppose -12*s + 2*s + 30 = 0. Let c(a) = -3*a**3 + 1 - s*a**2 + a**2 - 2*a**2 - 2*a + 0*a**2. Calculate c(-2).
13
Let n = -24 - -29. Let u(c) = -c**2 + 6*c + 1 - n + 2. Determine u(4).
6
Let o(b) = -b**2 + 2*b - 3. Suppose -3*n = -10*n - 28. Let f be ((-6)/n)/(33/88). Suppose 3*s - k - 2 = 0, -s + 0*s + f*k - 14 = 0. Calculate o(s).
-3
Suppose -k - 8 = 2*m, -6*m = 2*k - 7*m + 6. Let y(s) = s + 2. Give y(k).
-2
Suppose 2*v + f = 11, 3 - 9 = -3*v - 5*f. Let u(m) = 1 + 10*m + 4*m**2 + 2*m**2 + 0 - m**3. What is u(v)?
22
Let f(n) = -n**2 + 7*n - 1. Suppose 66 - 52 = 2*y. Calculate f(y).
-1
Let l(y) be the second derivative of -19*y**4/12 + y**3/3 - y**2/2 - 3*y - 45. What is l(1)?
-18
Let u(n) = -n**3 - 3*n**2 + 22*n + 65. Let l be u(-3). Let x(p) be the first derivative of -2*p**3/3 + p**2/2 - 1. Give x(l).
-3
Suppose s - 42 + 24 = 0. Let j(w) = 17*w - s*w + 5 - 1 - 3. Calculate j(4).
-3
Let j(n) be the first derivative of -7 - 1/3*n**3 + 7*n - 3*n**2. What is j(-5)?
12
Let k = -3 + 4. Let o be 20/2*(-2 - k)/(-6). Let m(j) = -j**3 + 3*j**2 + 8*j - 6. What is m(o)?
-16
Let y(s) = s**2 - 7*s + 3. Let t be y(5). Let x(h) = -2*h**2 - 18*h - 5. Let z(d) = -d**2 - 9*d - 2. Let b(j) = 4*x(j) - 9*z(j). Give b(t).
-16
Let v(y) = 23*y**2 + 2 + 20*y**2 + 2*y - 77*y**2 + 0 + 35*y**2. Suppose 4*q + 4 = 2*q. Give v(q).
2
Let r(p) = p**2 + 2*p - 4. Let w(a) = a**2 + a - 3. Let h(j) = -4*r(j) + 3*w(j). Let c be h(-6). Let g = 1 + c. Let q(o) = -o**2 - 2*o + 2. What is q(g)?
-6
Let c(r) be the first derivative of 1/2*r**2 + 27 + 0*r. Determine c(0).
0
Let j(a) = -a**2 + 6*a + 3. Let i be -1 + ((-5)/1 - (-2 + 0)). What is j(i)?
-37
Let t(v) be the first derivative of v**2/2 - 3*v - 63. What is t(8)?
5
Let n(f) = f**2 + f - 4. Suppose -6*s - s + 343 = 0. Let v = s + -46. Calculate n(v).
8
Let j(p) = p**2 + 3*p - 4. Let y be j(-3). Let o(z) be the third derivative of -z**4/24 - z**3/6 - 4*z**2. What is o(y)?
3
Let h(t) = -t**2 + 14*t - 6. Suppose 3*u = 2*n - 28, 5*n + 3*u - 51 = 19. Calculate h(n).
-6
Let a be (-1)/2*(-9 + 7). Let v be (-21)/(-14) - a/(-2). Let b(t) = 3*t + 5. Let z(n) = -2*n - 3. Let s(r) = -3*b(r) - 5*z(r). Determine s(v).
2
Let i(g) be the first derivative of g**4/4 + 4*g**3/3 + g**2/2 + 520. Determine i(-3).
6
Let k(x) = x - 3. Let v be k(6). Let z(f) be the first derivative of -2*f**3/3 + f**2 - f - 109. What is z(v)?
-13
Let q(z) be the third derivative of z**4/12 - z**3/6 - z**2. Let p(t) = t**2 + 23 - 1 - 3 - 16*t. Let g be p(15). Calculate q(g).
7
Let l(d) = 437 + 3*d - d - 435. Let f = 150 - 154. Give l(f).
-6
Let b be (4/30*-6)/(6/(-45)). Let i(v) = 11*v + b*v + 12*v - 25*v - 6. Give i(3).
6
Let x(y) = -y**2 - 14*y - 15. Let c(d) = d**2 + 16*d + 17. Let m(n) = 5*c(n) + 6*x(n). Determine m(5).
-50
Let g(m) be the first derivative of m**4/12 - m**3/6 - 2*m**2 - 15*m - 8. Let s(p) be the first derivative of g(p). Let z be (0 - -3)*(0 + 1). Give s(z).
2
Let g(d) = -1748*d**2 - d + 12 + d + 1747*d**2. What is g(4)?
-4
Let z(c) = -c**3 - 24*c**2 - 23*c + 9. Let g be z(-23). Let o(n) = n**3 - 9*n**2 + n - 5. Determine o(g).
4
Suppose j + 5*t + 65 = 13, -j - 28 = -t. Let s(c) = -c - 3. Let m be s(-6). Let i be (j/12)/((-2)/m). Let p(z) = -3*z + 1. Give p(i).
-11
Let i(k) = k**3 - 10*k**2 - 9*k - 20. Let g be i(11). Let o(u) = -u**g + 3*u - 8*u + 2 - 3 + 3*u. Let w = -4 + 2. Determine o(w).
-1
Let l(w) = -2*w + w + 2*w. Let q = -100 + 104. Determine l(q).
4
Let q(w) = -13*w - 11. Let u(p) = 11*p + 11. Let f(h) = -5*q(h) - 6*u(h). Determine f(8).
-19
Let c(p) = p - 1. Let d(k) = -11*k - 64. Let z be d(-6). Suppose -z*x + 11 = -1. What is c(x)?
5
Let l = 4 + 4. Let b = -2 + l. Let a(v) = -21*v - 3. Let h(i) = 32*i + 1. Let c(y) = 3*a(y) + 2*h(y). What is c(b)?
-1
Let j be 74/10 + (-62)/155. Let k(x) = -9 - 3*x - 6*x**2 + x**2 + x**3 - x**2. What is k(j)?
19
Let p = 927 + -939. Let d(q) = q**2 + 13*q + 14. What is d(p)?
2
Suppose 42 = 4*f + 3*i, -i + 0 + 2 = 0. Suppose -27*l + 26*l = 3*y - 27, -4*y + 4*l = -20. Suppose f*v = y*v + 5. Let s(z) = z**2 - 4*z - 3. Determine s(v).
2
Let o(a) = 29*a + 65. Let y(p) = -11*p - 22. Let n(g) = 3*o(g) + 8*y(g). Calculate n(6).
13
Let w(h) = -h**3 + 2*h**2 + h + 3. Suppose -12*m - 14 = -50. What is w(m)?
-3
Let i be (2 - 1)/(2/14). Suppose -10 = 2*j - i*j. Let s = j - 8. Let g(k) = 2*k + 6. Determine g(s).
-6
Let o(t) = 9*t**3 - 1584*t + 794*t + 790*t. Let p be -1*(1 - (2 - 2)). What is o(p)?
-9
Let z(v) = -v**2 + 19*v - 18. Let l be z(18). Suppose -21 = 5*d - o, -3*o = 3*d - l*o + 27. Let h(k) = -k**3 - 6*k**2 - 6*k - 5. Give h(d).
0
Let y be 10/(-4)*(-330)/75. Suppose -60 = -4*p - 4*u + u, u + 20 = 2*p. Let m = p - y. Let a(i) = -4*i. Calculate a(m).
-4
Suppose 4*h = i - 25, -i + h = 2*h. Suppose -2*w + w - 4*b + 10 = 0, -i*b = -4*w - 23. Let r(g) = g**3 + 3*g**2 + 3*g + 3. Calculate r(w).
1
Let j(f) be the third derivative of 0*f + 1/24*f**4 + 1/120*f**6 - 6*f**2 + 1/20*f**5 + 0 + 1/6*f**3. Let t be j(-2). Let x(g) = g**2 - 3*g - 4. Calculate x(t).
-4
Suppose f - 47 = 6. Let x = f + -53. Let c(o) = o**2 + o - 9. Calculate c(x).
-9
Suppose 2*s - 2 = 0, p - 6 = 3*p - 4*s. Let n(i) = 3*i. Determine n(p).
-3
Suppose -j - 5 = 3*m - 18, m - 1 = 3*j. Let t be (42/84)/(j - (-9)/(-10)). Let z(v) = 2 + 5*v - v**3 - 4 + 7 + 4*v**2. What is z(t)?
5
Suppose -21*y + 5*y = -48. Let h(l) be the third derivative of 0*l**4 + 0 - 1/3*l**y - 4*l**2 + 0*l + 1/60*l**5. Determine h(0).
-2
Let d(r) = -2*r + 4*r + 7 - 3*r + 10 - 5. Give d(-14).
26
Let f(y) = 19 + 5 + 4*y - 5 - 5. What is f(-4)?
-2
Suppose -m - 13 = -z + 4*z, 2*m = 2*z - 2. Let r(d) = 29*d + 37*d - 96*d + 1 + 29*d. Calculate r(m).
5
Suppose 38*d + 45 = 33*d. Let w(r) = -r**3 - 8*r**2 + 11*r - 2. Determine w(d).
-20
Let k(h) = 2*h**2 - h + 25. Let d(b) = 3*b**2 - 3*b + 24. Let t(x) = -3*d(x) + 4*k(x). Determine t(8).
4
Let j = 1 - 1. Let s(w) = 0 - w**3 + j*w - 1 + 5*w**2 - 2*w + 3. Suppose -3*i - 40 + 46 = 0. Determine s(i).
10
Let a(k) = k - 6. Let l be a(8). Suppose 4*v = l*v. Let d(q) = -q**3 - q**2 + q - 23. Give d(v).
-23
Suppose 0 = 2*p - p + 5*m - 26, 2*m + 60 = 4*p. Suppose 0*r = 4*r + p. Let q(h) be the third derivative of h**4/12 - h**3/2 + h**2 + 8. What is q(r)?
-11
Let u(d) be the first derivative of -d**4/4 + 3*d**3 - 9*d**2/2 + d + 36. Give u(8).
-7
Let j be (-1*21/(-9))/(26/78). Let x(y) = y**3 - 8*y**2 + 9*y + 8. What is x(j)?
22
Let n(w) = 4*w**2 + 4*w - 1 + 3*w - 5*w. Suppose 3*j - 10 = 2*j. Suppose 22*z - j = 27*z. Give n(z).
11
Suppose t + v - 20 = 0, -2*t + 7*t - 4*v = 100. Let u be -2*t/16*-2. Let s(h) = -h**3 + 5*h**2 + h - 3. Calculate s(u).
2
Suppose 5*x + 162 = j + 181, 5*j - x = 25. Let k(o) = -o**2 + 9*o - 8. Determine k(j).
10
Let j be 3/(-3)*(1 - 1). Suppose 2*q - 4*q - 12 = j. Let t(f) = 5*f - 1 - 8*f + 2*f - 1 + 2*f. Give t(q).
-8
Let n(o) = 6*o**2 - 2*o + 1. Let k(b) = -b**3 + 7*b**2 - 19*b + 7. Let t(u) = u**3 - 6*u**2 + 20*u - 6. Let a(q) = 7*k(q) + 6*t(q). Let i be a(12). Give n(i).
5
Let d(l) be the first derivative of -10 - 302*l**2 + 2*l + 301*l**2 + 0*l. What is d(-3)?
8
Let c(r) be the second derivative of r**4/12 - r**3 + 5*r**2/2 + 6*r + 2. Give c(